st the prime factors of p.
2, 7
Let h = -27 + 107. What are the prime factors of h?
2, 5
Let q(x) = -3*x - 6. Let l be q(-5). Let w = l - 5. What are the prime factors of w?
2
Suppose -3*j = 0, 0*g + 4*j + 66 = 2*g. What are the prime factors of g?
3, 11
Let s be 0 + -1 + -1 + 3. What are the prime factors of s/((-1)/(-7)) - 0?
7
Suppose -8 = c - 3*c. Suppose c*g - g = 0. Let p = 8 + g. What are the prime factors of p?
2
Suppose 4*w - 617 = -3*j, 231 = 2*j + 2*w - 177. What are the prime factors of j?
199
Let p(w) = -w**3 - 6*w**2 - 7*w + 14. List the prime factors of p(-7).
2, 7
Suppose h + k = 39, -5*h + 142 = -4*k - 8. Suppose -4 = -5*u - h. Let t = u - -16. List the prime factors of t.
2, 5
Let s = 2 - 5. Let f = s - -3. Suppose f*k + k - 12 = 0. List the prime factors of k.
2, 3
Let n = 12 + -6. Let a = n + -4. Suppose -2*h + 4*h = a*s + 24, 0 = -2*s. List the prime factors of h.
2, 3
Let y(p) = 3*p**2 - p**3 - 3 + 2*p**2 + 2 + 9*p. What are the prime factors of y(6)?
17
Let z(a) = 6*a**2 + 2*a + 4. List the prime factors of z(-5).
2, 3
Suppose 62 - 15 = j - 5*a, -2*a = -5*j + 281. List the prime factors of j.
3, 19
Suppose -2*b - 384 = -4*i, 5*b + 289 = 3*i + 4*b. What are the prime factors of i?
97
Suppose -2*p = -80 - 66. List the prime factors of p.
73
Let t be 573/(-9) - 3/9. What are the prime factors of t/(-12)*(-3)/(-2)?
2
Suppose 5*h + w = 38, -3*h + 0*w + 5*w + 6 = 0. Suppose -2*i = -3*i + h. List the prime factors of i.
7
Suppose -2*t + 82 = -0*r - 4*r, -125 = -4*t - 5*r. List the prime factors of t.
5, 7
Let h be (-1)/(-5) + (-61)/5. List the prime factors of (-3)/(h/(-8)) - -16.
2, 7
Suppose 0*b = -2*b + 78. Suppose 5*j = v - b, -3*v - 4*j = 9 - 69. Let u = -14 + v. What are the prime factors of u?
2, 5
Suppose -s + 3*g = -1, -11 = s - 2*s + 5*g. Let k = s - -20. What are the prime factors of k?
2, 3
Suppose 2*g + 0*g = 4. Suppose 19 = 3*a - g. What are the prime factors of a?
7
Let z = 32 - 6. Let u = z + -7. What are the prime factors of u?
19
Let p(w) = -5*w - 4. Let u be p(-4). Suppose 2*o - 42 = -4*b, 0 = 4*o - b - 32 - u. List the prime factors of o.
13
Suppose 0*i - 5*i - 20 = 0. Let d(x) = -x**3 - 2*x**2 + 6*x + 3. What are the prime factors of d(i)?
11
Suppose -5*s + 8 = -s. Let d(k) = k**2 + 2*k. Let b be d(s). Let x = -2 + b. List the prime factors of x.
2, 3
Let x be 1/(-3*2/(-30)). Suppose -2*n - x*b = -142, 0 = -4*n + 2*n - 3*b + 138. Suppose -n = -5*d - 11. What are the prime factors of d?
11
What are the prime factors of 3 + -2 + -2 + 24?
23
Let n = -135 + 254. What are the prime factors of n?
7, 17
Let d(x) = -x**2 + 6*x - 4. Let b be d(7). Let k = -8 - b. Suppose 3*q + q = 5*l - 6, -l + 5*q = k. List the prime factors of l.
2
Let v(y) = y**3 - 8*y**2 + 9*y - 1. Let g be v(7). Suppose 0 = 3*f - 4*f + g. List the prime factors of f.
13
Suppose 69 - 274 = -5*v. What are the prime factors of v?
41
Suppose 0 = -23*r + 28*r - 335. List the prime factors of r.
67
Suppose -6*v + 3*f = -v + 15, -5 = -f. Suppose v = -4*q - 4, -2*w + 0*w = 3*q - 15. What are the prime factors of w?
3
Let p(o) = -o**2 - 5*o + 5. Let t be p(-5). Suppose -5*v = t*k - 70, -4*k = -2*k - 8. List the prime factors of v.
2, 5
Let t(y) = 5*y**2 + 2*y - 2. Let v be t(-2). Let o = 22 + v. Suppose m - o = -3*m. What are the prime factors of m?
3
Suppose 3*n = s - 91 - 146, 4*s - 900 = -4*n. What are the prime factors of s?
2, 3, 19
Let j = -95 - -240. What are the prime factors of j?
5, 29
Suppose 3*q + 2*j = 301, 0 = -4*q + 3*q + 3*j + 82. List the prime factors of q.
97
Let l be (-3)/(-12)*-2*-10. Suppose l*i - 4 = 3*i. What are the prime factors of i?
2
Let i(r) = r**2 + 4*r - 8. Let v be i(-6). Suppose -v*k + 36 = -c, 55 = -4*c - 2*k + 1. Let z = 0 - c. What are the prime factors of z?
2
Suppose -3*f + 5 = -25. Let m(h) = h**3 - 9*h**2 - 10*h + 8. List the prime factors of m(f).
2
What are the prime factors of ((-690)/9)/((-5)/15)?
2, 5, 23
Let x(c) = c**3 - 2*c**2 - 3*c + 4. Let k be x(3). What are the prime factors of 74/k*(4 + -2)?
37
Let y(t) be the first derivative of -t**4/4 + 5*t**3/3 - 3*t**2/2 - t + 44. Let q(z) = -z**3 - z**2 + 3. Let g be q(0). List the prime factors of y(g).
2
Let p(g) = g**3 + 13*g**2 + 10*g - 14. Let b be p(-12). Let h = b + -7. List the prime factors of h.
3
Let v = -60 - -110. List the prime factors of v.
2, 5
Let b = -98 - -239. Suppose 5*o = -31 + b. What are the prime factors of o?
2, 11
Suppose -v = 4*b, -b + 2*v = -3*b + 6. Let g be 3*(b - (-15)/9). Suppose -51 = -4*d - k - 2, 0 = -3*d + g*k + 34. What are the prime factors of d?
2, 3
Let u(t) = t**2 - 6*t - 5. Let a be u(8). Suppose -4*q = 3 - a. Suppose -l = q*l - 36. What are the prime factors of l?
2, 3
Suppose -4*n = -9*n - 2*m + 300, 3*n = 2*m + 180. List the prime factors of n.
2, 3, 5
Suppose 8 = -2*h + 3*h. Suppose -2*u = 4*r - 28, -3*u + h*u - 70 = -4*r. Let w = -8 + u. List the prime factors of w.
2, 3
Let h = 0 - -2. List the prime factors of h/5 + (-115)/(-25).
5
Suppose 4*n = 2*n. Suppose 49 = 5*h - d, n*h + d - 21 = -2*h. What are the prime factors of h?
2, 5
Suppose d = 6*d - 15. List the prime factors of d.
3
Let u(w) = 23*w. List the prime factors of u(4).
2, 23
Suppose -4*b = -6 - 2. List the prime factors of (-2)/b + (29 - -4).
2
Suppose 4*a - 3*v - 142 = 43, v = -3*a + 129. Let r = a + -19. List the prime factors of r.
5
Let d(y) = -2*y - 5. Let c be d(-7). Let r be 94/18 + (-2)/c. Suppose -2*z + u = -16, -5*u + 30 = r*z - 40. List the prime factors of z.
2, 5
Let w(p) = -11*p + 45. What are the prime factors of w(-8)?
7, 19
Suppose -j = -2*c - 6, 2*c = -2*j + c - 3. Suppose -2*k - 10 = j, -4*g + 3*k = 5*k - 98. List the prime factors of g.
3
Suppose -2*j + 26 = 4*s - 50, -3*j = -3*s + 57. Let t = -9 + s. What are the prime factors of t?
2, 5
Let v(t) = t**3 - 6*t**2 + 9*t - 4. Let f be v(4). Suppose f = -0*h - h + 56. List the prime factors of h.
2, 7
Suppose 0*f - 5*f = -30. Suppose -y + 2*y = n + 6, -n = 5*y - f. What are the prime factors of -2 + (-33)/(-6)*y?
3
Suppose 5*k - 9 = 4*b, 28 = -4*k + 8*k + 2*b. List the prime factors of k.
5
Let g = -208 + 397. List the prime factors of g.
3, 7
What are the prime factors of 33/(0 - -3) - -3?
2, 7
Suppose -5*y + 12 = -y. Suppose -72 = q + y*q. List the prime factors of 38/6 + (-12)/q.
7
Let h be ((-6)/(-2))/(2 + -1). Suppose -9 = -h*b + 6. List the prime factors of b.
5
Let d(l) = -26*l - 30. What are the prime factors of d(-5)?
2, 5
Let w(m) = 27*m + 1. Suppose 0*h - f + 2 = -h, 0 = -5*h - 3*f + 14. List the prime factors of w(h).
2, 7
Suppose 2 = -d + 2*y, 3*d - 2*y + 5 + 1 = 0. What are the prime factors of 10*(d + 36/8)?
5
Let f(m) = -m**2 + 7*m - 6. Let o be (-1 + 6/4)*-4. Let j be 3 - (-4 + (0 - o)). List the prime factors of f(j).
2
Let p be (-38)/(-9) + (-10)/45. What are the prime factors of ((-24)/18)/(p/(-6))?
2
What are the prime factors of 121/6 + 2/(-12)?
2, 5
Let q be ((-16)/(-2))/(1/(-3)). What are the prime factors of 9/4 - 18/q?
3
Let o(u) = u**2 - 7*u + 3. Let x be o(10). List the prime factors of x/((-4)/((-24)/9)).
2, 11
Let w(p) = p**3 - 5*p**2 + 5*p - 1. Let i be w(4). Suppose 4*y - 4 = 4. What are the prime factors of 2*y + (-3)/i?
3
Let j be (-6*17)/((-9)/6). Suppose -j = -3*w + 16. Suppose 3*u = -u + w. List the prime factors of u.
7
What are the prime factors of 152/6 + (-8)/(-12)?
2, 13
Let k(j) = 68*j. List the prime factors of k(2).
2, 17
Suppose -399 = -5*a + 21. List the prime factors of a.
2, 3, 7
Let h be 4/2 + 1 + -1. Let d = 5 + -5. Suppose -h*g - 2*o + 16 = d, -g - 2*o - 3*o = 12. What are the prime factors of g?
13
Let m(f) = 2*f**3 - 5*f**2 + 5*f - 2. List the prime factors of m(3).
2, 11
Suppose 4*u = -v + 266, 4*v + 270 = 4*u + 3*v. What are the prime factors of u?
67
Let k(r) = -r**2 + 8*r + 3. Let u be k(8). Suppose 5*c + u*o = -0*o + 40, o = c. Suppose -77 - 13 = -c*p. List the prime factors of p.
2, 3
Suppose y = -3*m + 20, -5*m - 4*y = -2*m - 17. What are the prime factors of m?
7
Suppose 0 = p - 2*p + 87. List the prime factors of p.
3, 29
What are the prime factors of (3 - 45/6)*2*-14?
2, 3, 7
Suppose 42 = -b + 4*b. List the prime factors of b.
2, 7
Let f(r) = 12*r**3 + r**2 - 3*r + 2. What are the prime factors of f(1)?
2, 3
Let p = 